{"id":114,"date":"2020-02-06T20:23:26","date_gmt":"2020-02-06T19:23:26","guid":{"rendered":"http:\/\/217.117.138.41\/?page_id=114"},"modified":"2020-03-12T16:09:35","modified_gmt":"2020-03-12T15:09:35","slug":"pragmatyka","status":"publish","type":"page","link":"https:\/\/nszzfipwkrakow.pl\/?page_id=114","title":{"rendered":"Pragmatyka"},"content":{"rendered":"\n<h2 class=\"has-text-align-center wp-block-heading\">Tu znajdziesz rozporz\u0105dzenia, ustawy i zarz\u0105dzenia wydane przez Zarz\u0105d G\u0142\u00f3wny i Zarz\u0105d Okr\u0119gowy NSZZFiPW Krak\u00f3w. <\/h2>\n\n\n\n<hr class=\"wp-block-separator\"\/>\n\n\n\n<p><\/p>\n\n\n\n<p>Dodatkowo w pigu\u0142ce zestawiono najwa\u017cniejsze informacje i linki u\u0142atwiaj\u0105ce prac\u0119 funkcjonariuszom i pracownikom S\u0142u\u017cby Wi\u0119ziennej<\/p>\n\n\n\n<hr class=\"wp-block-separator\"\/>\n\n\n<p><!--StartFragment--><\/p>\n<h4>&nbsp;<\/h4>\n\n\n<hr class=\"wp-block-separator\"\/>\n\n\n\n<h2 class=\"wp-block-heading\"><strong>NAJWA\u017bNIEJSZE LINKI:<\/strong><\/h2>\n\n\n\n<\/p>\n<h4>Zapoznaj si\u0119 ze Statutem NSZZFiPW -&gt; <a href=\"https:\/\/nszzfipw.org.pl\/wp-content\/uploads\/2020\/03\/STATUT-tekst-jednolity-ze-zmianami-z-czerwca-2019-r..pdf\">LINK<\/a><\/h4>\n<p>\n\n\n\n<p><\/p>\n\n\n\n<\/p>\n<h4 class=\"wp-block-heading\">\u00a0Vademecum Zwi\u0105zkowska znajdziecie na stronie Zarz\u0105du G\u0142\u00f3wnego -&gt;\u00a0<a href=\"https:\/\/nszzfipw.org.pl\/vademecum_zwiazkowca\">LINK<\/a><\/h4>\n<p>\n\n\n<h4>Ustawa o s\u0142u\u017cbie wi\u0119ziennej z 9 kwietnia 2010 r. -&gt; <a href=\"http:\/\/prawo.sejm.gov.pl\/isap.nsf\/DocDetails.xsp?id=WDU20100790523\">LINK<\/a><\/h4>\n<p><\/p>\n\n\n<p><\/p>\n\n\n\n<hr class=\"wp-block-separator\"\/>\n\n\n\n<p><\/p>\n\n\n\n<h2 class=\"wp-block-heading\">Warto przeczyta\u0107:<\/h2>\n\n\n\n<ul class=\"wp-block-list\"><li>Podpisanie porozumienia z NSZZFiPW Krak\u00f3w (2019)<\/li><\/ul>\n\n\n\n<figure class=\"wp-block-gallery columns-3 is-cropped wp-block-gallery-1 is-layout-flex wp-block-gallery-is-layout-flex\"><ul class=\"blocks-gallery-grid\"><li class=\"blocks-gallery-item\"><figure><img fetchpriority=\"high\" decoding=\"async\" width=\"630\" height=\"354\" src=\"http:\/\/217.117.138.41\/wp-content\/uploads\/2020\/02\/podpisane-porozumienie-nszzfipw-krakow2.jpg\" alt=\"\" data-id=\"492\" data-full-url=\"http:\/\/217.117.138.41\/wp-content\/uploads\/2020\/02\/podpisane-porozumienie-nszzfipw-krakow2.jpg\" data-link=\"http:\/\/217.117.138.41\/index.php\/pragmatyka\/podpisane-porozumienie-nszzfipw-krakow2\/#main\" class=\"wp-image-492\" srcset=\"https:\/\/nszzfipwkrakow.pl\/wp-content\/uploads\/2020\/02\/podpisane-porozumienie-nszzfipw-krakow2.jpg 630w, https:\/\/nszzfipwkrakow.pl\/wp-content\/uploads\/2020\/02\/podpisane-porozumienie-nszzfipw-krakow2-300x169.jpg 300w\" sizes=\"(max-width: 630px) 100vw, 630px\" \/><\/figure><\/li><li class=\"blocks-gallery-item\"><figure><img decoding=\"async\" width=\"630\" height=\"355\" src=\"http:\/\/217.117.138.41\/wp-content\/uploads\/2020\/02\/podpisane-porozumienie-nszzfipw-krakow3.jpg\" alt=\"\" data-id=\"493\" data-full-url=\"http:\/\/217.117.138.41\/wp-content\/uploads\/2020\/02\/podpisane-porozumienie-nszzfipw-krakow3.jpg\" data-link=\"http:\/\/217.117.138.41\/index.php\/pragmatyka\/podpisane-porozumienie-nszzfipw-krakow3\/#main\" class=\"wp-image-493\" srcset=\"https:\/\/nszzfipwkrakow.pl\/wp-content\/uploads\/2020\/02\/podpisane-porozumienie-nszzfipw-krakow3.jpg 630w, https:\/\/nszzfipwkrakow.pl\/wp-content\/uploads\/2020\/02\/podpisane-porozumienie-nszzfipw-krakow3-300x169.jpg 300w\" sizes=\"(max-width: 630px) 100vw, 630px\" \/><\/figure><\/li><li class=\"blocks-gallery-item\"><figure><img decoding=\"async\" width=\"1024\" height=\"768\" src=\"http:\/\/217.117.138.41\/wp-content\/uploads\/2020\/02\/podpisane-porozumienie-nszzfipw-krakow4-1024x768.jpg\" alt=\"\" data-id=\"494\" data-full-url=\"http:\/\/217.117.138.41\/wp-content\/uploads\/2020\/02\/podpisane-porozumienie-nszzfipw-krakow4.jpg\" data-link=\"http:\/\/217.117.138.41\/index.php\/pragmatyka\/podpisane-porozumienie-nszzfipw-krakow4\/#main\" class=\"wp-image-494\" srcset=\"https:\/\/nszzfipwkrakow.pl\/wp-content\/uploads\/2020\/02\/podpisane-porozumienie-nszzfipw-krakow4-1024x768.jpg 1024w, https:\/\/nszzfipwkrakow.pl\/wp-content\/uploads\/2020\/02\/podpisane-porozumienie-nszzfipw-krakow4-300x225.jpg 300w, https:\/\/nszzfipwkrakow.pl\/wp-content\/uploads\/2020\/02\/podpisane-porozumienie-nszzfipw-krakow4-768x576.jpg 768w, https:\/\/nszzfipwkrakow.pl\/wp-content\/uploads\/2020\/02\/podpisane-porozumienie-nszzfipw-krakow4-1536x1152.jpg 1536w, https:\/\/nszzfipwkrakow.pl\/wp-content\/uploads\/2020\/02\/podpisane-porozumienie-nszzfipw-krakow4.jpg 1600w\" sizes=\"(max-width: 1024px) 100vw, 1024px\" \/><\/figure><\/li><li class=\"blocks-gallery-item\"><figure><img loading=\"lazy\" decoding=\"async\" width=\"630\" height=\"356\" src=\"http:\/\/217.117.138.41\/wp-content\/uploads\/2020\/02\/podpisane-porozumienie-nszzfipw-krakow.jpg\" alt=\"\" data-id=\"495\" data-full-url=\"http:\/\/217.117.138.41\/wp-content\/uploads\/2020\/02\/podpisane-porozumienie-nszzfipw-krakow.jpg\" data-link=\"http:\/\/217.117.138.41\/index.php\/pragmatyka\/podpisane-porozumienie-nszzfipw-krakow\/#main\" class=\"wp-image-495\" srcset=\"https:\/\/nszzfipwkrakow.pl\/wp-content\/uploads\/2020\/02\/podpisane-porozumienie-nszzfipw-krakow.jpg 630w, https:\/\/nszzfipwkrakow.pl\/wp-content\/uploads\/2020\/02\/podpisane-porozumienie-nszzfipw-krakow-300x170.jpg 300w\" sizes=\"(max-width: 630px) 100vw, 630px\" \/><\/figure><\/li><\/ul><\/figure>\n\n\n\n<ul class=\"wp-block-list\"><li>Zebranie og\u00f3lne NSZZFiPW Krak\u00f3w 26.03.2019:<\/li><\/ul>\n\n\n\n<div class=\"wp-block-file\"><a href=\"http:\/\/nszzfipwkrakow.pl\/wp-content\/uploads\/2020\/02\/tarnow-zebranie-ogolne-informacja2019.pdf\">tarnow-zebranie-NSZZFiPW Krak\u00f3w 206.06.2019 ogolne-informacja2019<\/a><a href=\"http:\/\/nszzfipwkrakow.pl\/wp-content\/uploads\/2020\/02\/tarnow-zebranie-ogolne-informacja2019.pdf\" class=\"wp-block-file__button\" download>Pobierz<\/a><\/div>\n\n\n\n<ul class=\"wp-block-list\"><li>Akcja Protestacyjna S\u0142u\u017cb Mundurowych 2018<\/li><\/ul>\n\n\n\n<figure class=\"wp-block-gallery columns-3 is-cropped wp-block-gallery-2 is-layout-flex wp-block-gallery-is-layout-flex\"><ul class=\"blocks-gallery-grid\"><li class=\"blocks-gallery-item\"><figure><img loading=\"lazy\" decoding=\"async\" width=\"452\" height=\"640\" src=\"http:\/\/217.117.138.41\/wp-content\/uploads\/2020\/02\/Protest-ulotka-FZZSM.jpg\" alt=\"\" data-id=\"483\" data-link=\"http:\/\/217.117.138.41\/index.php\/pragmatyka\/protest-ulotka-fzzsm\/#main\" class=\"wp-image-483\" srcset=\"https:\/\/nszzfipwkrakow.pl\/wp-content\/uploads\/2020\/02\/Protest-ulotka-FZZSM.jpg 452w, https:\/\/nszzfipwkrakow.pl\/wp-content\/uploads\/2020\/02\/Protest-ulotka-FZZSM-212x300.jpg 212w\" sizes=\"(max-width: 452px) 100vw, 452px\" \/><\/figure><\/li><li class=\"blocks-gallery-item\"><figure><img loading=\"lazy\" decoding=\"async\" width=\"724\" height=\"1024\" src=\"http:\/\/217.117.138.41\/wp-content\/uploads\/2020\/02\/ostateczna1-724x1024.jpg\" alt=\"\" data-id=\"497\" data-full-url=\"http:\/\/217.117.138.41\/wp-content\/uploads\/2020\/02\/ostateczna1.jpg\" data-link=\"http:\/\/217.117.138.41\/index.php\/pragmatyka\/ostateczna1\/#main\" class=\"wp-image-497\" srcset=\"https:\/\/nszzfipwkrakow.pl\/wp-content\/uploads\/2020\/02\/ostateczna1-724x1024.jpg 724w, https:\/\/nszzfipwkrakow.pl\/wp-content\/uploads\/2020\/02\/ostateczna1-212x300.jpg 212w, https:\/\/nszzfipwkrakow.pl\/wp-content\/uploads\/2020\/02\/ostateczna1-768x1087.jpg 768w, https:\/\/nszzfipwkrakow.pl\/wp-content\/uploads\/2020\/02\/ostateczna1.jpg 793w\" sizes=\"(max-width: 724px) 100vw, 724px\" \/><\/figure><\/li><li class=\"blocks-gallery-item\"><figure><img loading=\"lazy\" decoding=\"async\" width=\"724\" height=\"1024\" src=\"http:\/\/217.117.138.41\/wp-content\/uploads\/2020\/02\/ostateczna2-724x1024.jpg\" alt=\"\" data-id=\"498\" data-full-url=\"http:\/\/217.117.138.41\/wp-content\/uploads\/2020\/02\/ostateczna2.jpg\" data-link=\"http:\/\/217.117.138.41\/index.php\/pragmatyka\/ostateczna2\/#main\" class=\"wp-image-498\" srcset=\"https:\/\/nszzfipwkrakow.pl\/wp-content\/uploads\/2020\/02\/ostateczna2-724x1024.jpg 724w, https:\/\/nszzfipwkrakow.pl\/wp-content\/uploads\/2020\/02\/ostateczna2-212x300.jpg 212w, https:\/\/nszzfipwkrakow.pl\/wp-content\/uploads\/2020\/02\/ostateczna2-768x1087.jpg 768w, https:\/\/nszzfipwkrakow.pl\/wp-content\/uploads\/2020\/02\/ostateczna2.jpg 793w\" sizes=\"(max-width: 724px) 100vw, 724px\" \/><\/figure><\/li><\/ul><\/figure>\n\n\n\n<ul class=\"wp-block-list\"><li>Stanowisko Zarz\u0105du G\u0142\u00f3wnego NSZZ FiPW z dnia 24.01.2017 w sprawie rozwi\u0105za\u0144 dotycz\u0105cych realizacji podwy\u017cek uposa\u017ce\u0144 funkcjonariuszy SW<\/li><\/ul>\n\n\n\n<div class=\"wp-block-file\"><a href=\"http:\/\/nszzfipwkrakow.pl\/wp-content\/uploads\/2020\/02\/Stanowisko-ZG-z-dnia-24.01.2017.pdf\">Stanowisko ZG z dnia 24.01.2017 nowisko-ZG-z-dnia-24.01.2017<\/a><a href=\"http:\/\/nszzfipwkrakow.pl\/wp-content\/uploads\/2020\/02\/Stanowisko-ZG-z-dnia-24.01.2017.pdf\" class=\"wp-block-file__button\" download>Pobierz<\/a><\/div>\n\n\n\n<ul class=\"wp-block-list\"><li>Komunikat Federacji Zwi\u0105zk\u00f3w Zawodowych S\u0142u\u017cb Mundurowych z dnia 14 wrze\u015bnia 2016<\/li><\/ul>\n\n\n\n<div class=\"wp-block-file\"><a href=\"http:\/\/nszzfipwkrakow.pl\/wp-content\/uploads\/2020\/02\/2016-09-14-Komunikat-Rady-FZZ-SM.pdf\">2016-09-14-Komunikat-Rady-FZZ-SM<\/a><a href=\"http:\/\/nszzfipwkrakow.pl\/wp-content\/uploads\/2020\/02\/2016-09-14-Komunikat-Rady-FZZ-SM.pdf\" class=\"wp-block-file__button\" download>Pobierz<\/a><\/div>\n\n\n\n<figure class=\"wp-block-gallery columns-2 is-cropped wp-block-gallery-3 is-layout-flex wp-block-gallery-is-layout-flex\"><ul class=\"blocks-gallery-grid\"><li class=\"blocks-gallery-item\"><figure><img loading=\"lazy\" decoding=\"async\" width=\"699\" height=\"293\" src=\"http:\/\/217.117.138.41\/wp-content\/uploads\/2020\/02\/mfzzsm-1.jpg\" alt=\"\" data-id=\"508\" data-full-url=\"http:\/\/217.117.138.41\/wp-content\/uploads\/2020\/02\/mfzzsm-1.jpg\" data-link=\"http:\/\/217.117.138.41\/index.php\/pragmatyka\/mfzzsm-1\/#main\" class=\"wp-image-508\" srcset=\"https:\/\/nszzfipwkrakow.pl\/wp-content\/uploads\/2020\/02\/mfzzsm-1.jpg 699w, https:\/\/nszzfipwkrakow.pl\/wp-content\/uploads\/2020\/02\/mfzzsm-1-300x126.jpg 300w\" sizes=\"(max-width: 699px) 100vw, 699px\" \/><\/figure><\/li><li class=\"blocks-gallery-item\"><figure><img loading=\"lazy\" decoding=\"async\" width=\"406\" height=\"149\" src=\"http:\/\/217.117.138.41\/wp-content\/uploads\/2020\/02\/federacja_zz_sm.jpg\" alt=\"\" data-id=\"509\" data-full-url=\"http:\/\/217.117.138.41\/wp-content\/uploads\/2020\/02\/federacja_zz_sm.jpg\" data-link=\"http:\/\/217.117.138.41\/index.php\/pragmatyka\/federacja_zz_sm\/#main\" class=\"wp-image-509\" srcset=\"https:\/\/nszzfipwkrakow.pl\/wp-content\/uploads\/2020\/02\/federacja_zz_sm.jpg 406w, https:\/\/nszzfipwkrakow.pl\/wp-content\/uploads\/2020\/02\/federacja_zz_sm-300x110.jpg 300w\" sizes=\"(max-width: 406px) 100vw, 406px\" \/><\/figure><\/li><\/ul><\/figure>\n\n\n\n<ul class=\"wp-block-list\"><li>Projekt ustawy o S\u0142u\u017cbie Wi\u0119ziennej (2016)<\/li><\/ul>\n\n\n\n<figure class=\"wp-block-image size-large\"><img loading=\"lazy\" decoding=\"async\" width=\"786\" height=\"130\" src=\"http:\/\/217.117.138.41\/wp-content\/uploads\/2020\/02\/projekt-modernizacji-sluzby-wieziennej.png\" alt=\"\" class=\"wp-image-488\" srcset=\"https:\/\/nszzfipwkrakow.pl\/wp-content\/uploads\/2020\/02\/projekt-modernizacji-sluzby-wieziennej.png 786w, https:\/\/nszzfipwkrakow.pl\/wp-content\/uploads\/2020\/02\/projekt-modernizacji-sluzby-wieziennej-300x50.png 300w, https:\/\/nszzfipwkrakow.pl\/wp-content\/uploads\/2020\/02\/projekt-modernizacji-sluzby-wieziennej-768x127.png 768w\" sizes=\"(max-width: 786px) 100vw, 786px\" \/><\/figure>\n\n\n\n<div class=\"wp-block-file\"><a href=\"http:\/\/nszzfipwkrakow.pl\/wp-content\/uploads\/2020\/02\/projekt-z-uzasadnieniem-uosw.pdf\">projekt zmian w ustawie o S\u0142u\u017cbie Wi\u0119ziennej kt-z-uzasadnieniem-uosw<\/a><a href=\"http:\/\/nszzfipwkrakow.pl\/wp-content\/uploads\/2020\/02\/projekt-z-uzasadnieniem-uosw.pdf\" class=\"wp-block-file__button\" download>Pobierz<\/a><\/div>\n\n\n\n<ul class=\"wp-block-list\"><li>Podzesp\u00f3\u0142 problemowy ds. s\u0142u\u017cb mundurowych (Odpowied\u017a Ministra Finans\u00f3w 2016)<\/li><\/ul>\n\n\n\n<div class=\"wp-block-file\"><a href=\"http:\/\/nszzfipwkrakow.pl\/wp-content\/uploads\/2020\/02\/Odpowiedz-z-Ministerstwa-Finansow.pdf\">Odpowiedz-z-Ministerstwa-Finansow<\/a><a href=\"http:\/\/nszzfipwkrakow.pl\/wp-content\/uploads\/2020\/02\/Odpowiedz-z-Ministerstwa-Finansow.pdf\" class=\"wp-block-file__button\" download>Pobierz<\/a><\/div>\n\n\n\n<ul class=\"wp-block-list\"><li>Zaj\u0119cie stanowiska w sprawie rozliczenia czasu s\u0142u\u017cby na posterunkach dwuzmianowych w S\u0142u\u017cbie Wi\u0119ziennej (2015)<\/li><\/ul>\n\n\n\n<div class=\"wp-block-file\"><a href=\"http:\/\/nszzfipwkrakow.pl\/wp-content\/uploads\/2020\/02\/czas_sluzby_sluzba_wiezienna_dyrektor_generalny2.pdf\">czas_sluzby_sluzba_wiezienna_dyrektor_generalny2<\/a><a href=\"http:\/\/nszzfipwkrakow.pl\/wp-content\/uploads\/2020\/02\/czas_sluzby_sluzba_wiezienna_dyrektor_generalny2.pdf\" class=\"wp-block-file__button\" download>Pobierz<\/a><\/div>\n\n\n\n<div class=\"wp-block-file\"><a href=\"http:\/\/nszzfipwkrakow.pl\/wp-content\/uploads\/2020\/02\/czas_sluzby_sluzba_wiezienna_dyrektor_generalny.pdf\">czas_sluzby_sluzba_wiezienna_dyrektor_generalny<\/a><a href=\"http:\/\/nszzfipwkrakow.pl\/wp-content\/uploads\/2020\/02\/czas_sluzby_sluzba_wiezienna_dyrektor_generalny.pdf\" class=\"wp-block-file__button\" download>Pobierz<\/a><\/div>\n\n\n\n<p><\/p>\n","protected":false},"excerpt":{"rendered":"<p>Tu znajdziesz rozporz\u0105dzenia, ustawy i zarz\u0105dzenia wydane przez Zarz\u0105d G\u0142\u00f3wny i Zarz\u0105d Okr\u0119gowy NSZZFiPW Krak\u00f3w. Dodatkowo w pigu\u0142ce zestawiono najwa\u017cniejsze informacje i linki u\u0142atwiaj\u0105ce prac\u0119 funkcjonariuszom i pracownikom S\u0142u\u017cby Wi\u0119ziennej &nbsp; NAJWA\u017bNIEJSZE LINKI: Zapoznaj si\u0119 ze Statutem NSZZFiPW -&gt; LINK \u00a0Vademecum Zwi\u0105zkowska znajdziecie na stronie Zarz\u0105du G\u0142\u00f3wnego -&gt;\u00a0LINK Ustawa o s\u0142u\u017cbie wi\u0119ziennej z 9 kwietnia&#8230; <\/p>\n","protected":false},"author":1,"featured_media":0,"parent":0,"menu_order":0,"comment_status":"closed","ping_status":"closed","template":"","meta":{"footnotes":""},"class_list":["post-114","page","type-page","status-publish","hentry"],"yoast_head":"<!-- This site is optimized with the Yoast SEO plugin v23.6 - https:\/\/yoast.com\/wordpress\/plugins\/seo\/ -->\n<title>Pragmatyka - NSZZFIPW KRAK\u00d3W<\/title>\n<meta name=\"robots\" content=\"index, follow, max-snippet:-1, max-image-preview:large, max-video-preview:-1\" \/>\n<link rel=\"canonical\" href=\"https:\/\/nszzfipwkrakow.pl\/?page_id=114\" \/>\n<meta property=\"og:locale\" content=\"pl_PL\" \/>\n<meta property=\"og:type\" content=\"article\" \/>\n<meta property=\"og:title\" content=\"Pragmatyka - NSZZFIPW KRAK\u00d3W\" \/>\n<meta property=\"og:description\" content=\"Tu znajdziesz rozporz\u0105dzenia, ustawy i zarz\u0105dzenia wydane przez Zarz\u0105d G\u0142\u00f3wny i Zarz\u0105d Okr\u0119gowy NSZZFiPW Krak\u00f3w. Dodatkowo w pigu\u0142ce zestawiono najwa\u017cniejsze informacje i linki u\u0142atwiaj\u0105ce prac\u0119 funkcjonariuszom i pracownikom S\u0142u\u017cby Wi\u0119ziennej &nbsp; NAJWA\u017bNIEJSZE LINKI: Zapoznaj si\u0119 ze Statutem NSZZFiPW -&gt; LINK \u00a0Vademecum Zwi\u0105zkowska znajdziecie na stronie Zarz\u0105du G\u0142\u00f3wnego -&gt;\u00a0LINK Ustawa o s\u0142u\u017cbie wi\u0119ziennej z 9 kwietnia...\" \/>\n<meta property=\"og:url\" content=\"https:\/\/nszzfipwkrakow.pl\/?page_id=114\" \/>\n<meta property=\"og:site_name\" content=\"NSZZFIPW KRAK\u00d3W\" \/>\n<meta property=\"article:modified_time\" content=\"2020-03-12T15:09:35+00:00\" \/>\n<meta property=\"og:image\" content=\"http:\/\/217.117.138.41\/wp-content\/uploads\/2020\/02\/podpisane-porozumienie-nszzfipw-krakow2.jpg\" \/>\n<meta name=\"twitter:card\" content=\"summary_large_image\" \/>\n<meta name=\"twitter:label1\" content=\"Szacowany czas czytania\" \/>\n\t<meta name=\"twitter:data1\" content=\"1 minuta\" \/>\n<script type=\"application\/ld+json\" class=\"yoast-schema-graph\">{\"@context\":\"https:\/\/schema.org\",\"@graph\":[{\"@type\":\"WebPage\",\"@id\":\"https:\/\/nszzfipwkrakow.pl\/?page_id=114\",\"url\":\"https:\/\/nszzfipwkrakow.pl\/?page_id=114\",\"name\":\"Pragmatyka - NSZZFIPW KRAK\u00d3W\",\"isPartOf\":{\"@id\":\"https:\/\/nszzfipwkrakow.pl\/#website\"},\"primaryImageOfPage\":{\"@id\":\"https:\/\/nszzfipwkrakow.pl\/?page_id=114#primaryimage\"},\"image\":{\"@id\":\"https:\/\/nszzfipwkrakow.pl\/?page_id=114#primaryimage\"},\"thumbnailUrl\":\"http:\/\/217.117.138.41\/wp-content\/uploads\/2020\/02\/podpisane-porozumienie-nszzfipw-krakow2.jpg\",\"datePublished\":\"2020-02-06T19:23:26+00:00\",\"dateModified\":\"2020-03-12T15:09:35+00:00\",\"breadcrumb\":{\"@id\":\"https:\/\/nszzfipwkrakow.pl\/?page_id=114#breadcrumb\"},\"inLanguage\":\"pl-PL\",\"potentialAction\":[{\"@type\":\"ReadAction\",\"target\":[\"https:\/\/nszzfipwkrakow.pl\/?page_id=114\"]}]},{\"@type\":\"ImageObject\",\"inLanguage\":\"pl-PL\",\"@id\":\"https:\/\/nszzfipwkrakow.pl\/?page_id=114#primaryimage\",\"url\":\"http:\/\/217.117.138.41\/wp-content\/uploads\/2020\/02\/podpisane-porozumienie-nszzfipw-krakow2.jpg\",\"contentUrl\":\"http:\/\/217.117.138.41\/wp-content\/uploads\/2020\/02\/podpisane-porozumienie-nszzfipw-krakow2.jpg\"},{\"@type\":\"BreadcrumbList\",\"@id\":\"https:\/\/nszzfipwkrakow.pl\/?page_id=114#breadcrumb\",\"itemListElement\":[{\"@type\":\"ListItem\",\"position\":1,\"name\":\"Strona g\u0142\u00f3wna\",\"item\":\"https:\/\/nszzfipwkrakow.pl\/\"},{\"@type\":\"ListItem\",\"position\":2,\"name\":\"Pragmatyka\"}]},{\"@type\":\"WebSite\",\"@id\":\"https:\/\/nszzfipwkrakow.pl\/#website\",\"url\":\"https:\/\/nszzfipwkrakow.pl\/\",\"name\":\"NSZZFIPW KRAK\u00d3W\",\"description\":\"ZARZ\u0104D OKR\u0118GOWY KRAK\u00d3W\",\"potentialAction\":[{\"@type\":\"SearchAction\",\"target\":{\"@type\":\"EntryPoint\",\"urlTemplate\":\"https:\/\/nszzfipwkrakow.pl\/?s={search_term_string}\"},\"query-input\":{\"@type\":\"PropertyValueSpecification\",\"valueRequired\":true,\"valueName\":\"search_term_string\"}}],\"inLanguage\":\"pl-PL\"}]}<\/script>\n<!-- \/ Yoast SEO plugin. -->","yoast_head_json":{"title":"Pragmatyka - NSZZFIPW KRAK\u00d3W","robots":{"index":"index","follow":"follow","max-snippet":"max-snippet:-1","max-image-preview":"max-image-preview:large","max-video-preview":"max-video-preview:-1"},"canonical":"https:\/\/nszzfipwkrakow.pl\/?page_id=114","og_locale":"pl_PL","og_type":"article","og_title":"Pragmatyka - NSZZFIPW KRAK\u00d3W","og_description":"Tu znajdziesz rozporz\u0105dzenia, ustawy i zarz\u0105dzenia wydane przez Zarz\u0105d G\u0142\u00f3wny i Zarz\u0105d Okr\u0119gowy NSZZFiPW Krak\u00f3w. Dodatkowo w pigu\u0142ce zestawiono najwa\u017cniejsze informacje i linki u\u0142atwiaj\u0105ce prac\u0119 funkcjonariuszom i pracownikom S\u0142u\u017cby Wi\u0119ziennej &nbsp; NAJWA\u017bNIEJSZE LINKI: Zapoznaj si\u0119 ze Statutem NSZZFiPW -&gt; LINK \u00a0Vademecum Zwi\u0105zkowska znajdziecie na stronie Zarz\u0105du G\u0142\u00f3wnego -&gt;\u00a0LINK Ustawa o s\u0142u\u017cbie wi\u0119ziennej z 9 kwietnia...","og_url":"https:\/\/nszzfipwkrakow.pl\/?page_id=114","og_site_name":"NSZZFIPW KRAK\u00d3W","article_modified_time":"2020-03-12T15:09:35+00:00","og_image":[{"url":"http:\/\/217.117.138.41\/wp-content\/uploads\/2020\/02\/podpisane-porozumienie-nszzfipw-krakow2.jpg"}],"twitter_card":"summary_large_image","twitter_misc":{"Szacowany czas czytania":"1 minuta"},"schema":{"@context":"https:\/\/schema.org","@graph":[{"@type":"WebPage","@id":"https:\/\/nszzfipwkrakow.pl\/?page_id=114","url":"https:\/\/nszzfipwkrakow.pl\/?page_id=114","name":"Pragmatyka - NSZZFIPW KRAK\u00d3W","isPartOf":{"@id":"https:\/\/nszzfipwkrakow.pl\/#website"},"primaryImageOfPage":{"@id":"https:\/\/nszzfipwkrakow.pl\/?page_id=114#primaryimage"},"image":{"@id":"https:\/\/nszzfipwkrakow.pl\/?page_id=114#primaryimage"},"thumbnailUrl":"http:\/\/217.117.138.41\/wp-content\/uploads\/2020\/02\/podpisane-porozumienie-nszzfipw-krakow2.jpg","datePublished":"2020-02-06T19:23:26+00:00","dateModified":"2020-03-12T15:09:35+00:00","breadcrumb":{"@id":"https:\/\/nszzfipwkrakow.pl\/?page_id=114#breadcrumb"},"inLanguage":"pl-PL","potentialAction":[{"@type":"ReadAction","target":["https:\/\/nszzfipwkrakow.pl\/?page_id=114"]}]},{"@type":"ImageObject","inLanguage":"pl-PL","@id":"https:\/\/nszzfipwkrakow.pl\/?page_id=114#primaryimage","url":"http:\/\/217.117.138.41\/wp-content\/uploads\/2020\/02\/podpisane-porozumienie-nszzfipw-krakow2.jpg","contentUrl":"http:\/\/217.117.138.41\/wp-content\/uploads\/2020\/02\/podpisane-porozumienie-nszzfipw-krakow2.jpg"},{"@type":"BreadcrumbList","@id":"https:\/\/nszzfipwkrakow.pl\/?page_id=114#breadcrumb","itemListElement":[{"@type":"ListItem","position":1,"name":"Strona g\u0142\u00f3wna","item":"https:\/\/nszzfipwkrakow.pl\/"},{"@type":"ListItem","position":2,"name":"Pragmatyka"}]},{"@type":"WebSite","@id":"https:\/\/nszzfipwkrakow.pl\/#website","url":"https:\/\/nszzfipwkrakow.pl\/","name":"NSZZFIPW KRAK\u00d3W","description":"ZARZ\u0104D OKR\u0118GOWY KRAK\u00d3W","potentialAction":[{"@type":"SearchAction","target":{"@type":"EntryPoint","urlTemplate":"https:\/\/nszzfipwkrakow.pl\/?s={search_term_string}"},"query-input":{"@type":"PropertyValueSpecification","valueRequired":true,"valueName":"search_term_string"}}],"inLanguage":"pl-PL"}]}},"_links":{"self":[{"href":"https:\/\/nszzfipwkrakow.pl\/index.php?rest_route=\/wp\/v2\/pages\/114","targetHints":{"allow":["GET"]}}],"collection":[{"href":"https:\/\/nszzfipwkrakow.pl\/index.php?rest_route=\/wp\/v2\/pages"}],"about":[{"href":"https:\/\/nszzfipwkrakow.pl\/index.php?rest_route=\/wp\/v2\/types\/page"}],"author":[{"embeddable":true,"href":"https:\/\/nszzfipwkrakow.pl\/index.php?rest_route=\/wp\/v2\/users\/1"}],"replies":[{"embeddable":true,"href":"https:\/\/nszzfipwkrakow.pl\/index.php?rest_route=%2Fwp%2Fv2%2Fcomments&post=114"}],"version-history":[{"count":38,"href":"https:\/\/nszzfipwkrakow.pl\/index.php?rest_route=\/wp\/v2\/pages\/114\/revisions"}],"predecessor-version":[{"id":2288,"href":"https:\/\/nszzfipwkrakow.pl\/index.php?rest_route=\/wp\/v2\/pages\/114\/revisions\/2288"}],"wp:attachment":[{"href":"https:\/\/nszzfipwkrakow.pl\/index.php?rest_route=%2Fwp%2Fv2%2Fmedia&parent=114"}],"curies":[{"name":"wp","href":"https:\/\/api.w.org\/{rel}","templated":true}]}}